?
3, 157, 419
What are the prime factors of 13190544?
2, 3, 139, 659
What are the prime factors of 12067898?
2, 1283, 4703
What are the prime factors of 5894356?
2, 13, 263, 431
List the prime factors of 11644928.
2, 2843
What are the prime factors of 533672?
2, 19, 3511
List the prime factors of 157718.
2, 11, 67, 107
What are the prime factors of 884902?
2, 23, 19237
What are the prime factors of 1301134?
2, 650567
What are the prime factors of 1096132?
2, 274033
List the prime factors of 1572903.
3, 174767
List the prime factors of 3387426.
2, 3, 7, 59, 1367
List the prime factors of 218636.
2, 11, 4969
List the prime factors of 1346474.
2, 223, 3019
List the prime factors of 391093.
113, 3461
List the prime factors of 214371.
3, 23819
What are the prime factors of 10161892?
2, 13, 73, 2677
List the prime factors of 2003613.
3, 523, 1277
List the prime factors of 1104987.
3, 13, 29, 977
List the prime factors of 157082.
2, 78541
What are the prime factors of 2899755?
3, 5, 64439
List the prime factors of 518693.
7, 74099
What are the prime factors of 393150?
2, 3, 5, 2621
What are the prime factors of 5731922?
2, 7, 23, 2543
List the prime factors of 14605384.
2, 1825673
List the prime factors of 449603.
7, 11, 5839
What are the prime factors of 3937485?
3, 5, 23, 101, 113
List the prime factors of 36821281.
7, 5260183
What are the prime factors of 609132?
2, 3, 23, 2207
List the prime factors of 32833323.
3, 59, 20611
List the prime factors of 468314.
2, 7, 11, 3041
What are the prime factors of 7144797?
3, 11, 216509
What are the prime factors of 27361354?
2, 13680677
What are the prime factors of 3843591?
3, 367, 3491
What are the prime factors of 19554202?
2, 1117, 8753
List the prime factors of 193061.
11, 17551
List the prime factors of 343304.
2, 13, 3301
List the prime factors of 14517141.
3, 4839047
List the prime factors of 3260313.
3, 7, 7393
What are the prime factors of 1271998?
2, 7, 13, 29, 241
List the prime factors of 9160472.
2, 1145059
List the prime factors of 723064.
2, 19, 67, 71
List the prime factors of 1210116.
2, 3, 31, 3253
List the prime factors of 2359105.
5, 7, 9629
What are the prime factors of 10921373?
10921373
What are the prime factors of 8774953?
11, 31, 25733
What are the prime factors of 8928985?
5, 13, 137369
What are the prime factors of 2082841?
37, 41, 1373
List the prime factors of 254662.
2, 127331
List the prime factors of 7756329.
3, 7, 433, 853
List the prime factors of 9446096.
2, 11, 191, 281
List the prime factors of 10530040.
2, 5, 53, 4967
What are the prime factors of 5529621?
3, 1843207
List the prime factors of 120574.
2, 19, 167
What are the prime factors of 89752?
2, 13, 863
What are the prime factors of 1229712?
2, 3, 11, 17, 137
List the prime factors of 124724.
2, 31181
What are the prime factors of 7385193?
3, 820577
What are the prime factors of 15248026?
2, 29, 262897
What are the prime factors of 311676?
2, 3, 19, 1367
What are the prime factors of 161966?
2, 7, 23, 503
What are the prime factors of 2966301?
3, 13, 313
What are the prime factors of 35959867?
71, 571, 887
List the prime factors of 1102404.
2, 3, 91867
List the prime factors of 7389196.
2, 37, 49927
List the prime factors of 283136.
2, 7, 79
List the prime factors of 119597.
41, 2917
List the prime factors of 864864.
2, 3, 7, 11, 13
List the prime factors of 234891.
3, 26099
What are the prime factors of 1349635?
5, 7, 38561
What are the prime factors of 1837571?
251, 7321
List the prime factors of 6012.
2, 3, 167
What are the prime factors of 1135290?
2, 3, 5, 13, 41, 71
What are the prime factors of 160608?
2, 3, 7, 239
What are the prime factors of 102806?
2, 11, 4673
List the prime factors of 1346903.
23, 157, 373
List the prime factors of 124112.
2, 7757
What are the prime factors of 3317155?
5, 31, 21401
List the prime factors of 6907612.
2, 1726903
What are the prime factors of 217885?
5, 43577
What are the prime factors of 10312739?
31, 79, 4211
What are the prime factors of 1541380?
2, 5, 77069
List the prime factors of 140604.
2, 3, 11717
What are the prime factors of 87041?
87041
What are the prime factors of 843618?
2, 3, 140603
What are the prime factors of 520974?
2, 3, 103, 281
What are the prime factors of 149954?
2, 7, 10711
What are the prime factors of 10292730?
2, 3, 5, 7, 23, 2131
List the prime factors of 325079.
325079
List the prime factors of 1883731.
1883731
What are the prime factors of 16653?
3, 7, 13, 61
List the prime factors of 382210.
2, 5, 37, 1033
List the prime factors of 330865.
5, 66173
What are the prime factors of 450936?
2, 3, 6263
What are the prime factors of 1968483?
3, 11, 59651
List the prime factors of 1977443.
13, 152111
What are the prime factors of 1155511?
7, 383, 431
List the prime factors of 5494333.
13, 263, 1607
What are the prime factors of 17494784?
2, 37, 1847
List the prime factors of 18632924.
2, 97, 48023
What are the prime factors of 47732?
2, 11933
What are the prime factors of 111183?
3, 37061
List the prime factors of 602930.
2, 5, 60293
List the prime factors of 63602.
2, 7, 11, 59
List the prime factors of 7501409.
19, 394811
List the prime factors of 5789476.
2, 7, 11, 18797
List the prime factors of 81698.
2, 40849
List the prime factors of 415143.
3, 193, 239
What are the prime factors of 19952791?
19952791
List the prime factors of 419001.
3, 11, 12697
List the prime factors of 5284.
2, 1321
List the prime factors of 6225336.
2, 3, 13, 739
What are the prime factors of 1566434?
2, 73, 10729
List the prime factors of 528430.
2, 5, 7, 7549
What are the prime factors of 243806?
2, 139, 877
What are the prime factors of 248590?
2, 5, 24859
List the prime factors of 102127.
73, 1399
What are the prime factors of 1142930?
2, 5, 37, 3089
What are the prime factors of 217147?
7, 67, 463
List the prime factors of 32701.
53, 617
List the prime factors of 50897.
7, 11, 661
What are the prime factors of 740221?
19, 38959
List the prime factors of 13483910.
2, 5, 11, 37, 3313
List the prime factors of 27403889.
27403889
List the prime factors of 198000.
2, 3, 5, 11
What are the prime factors of 18762657?
3, 31, 229, 881
List the prime factors of 11535955.
5, 2307191
What are the prime factors of 16960490?
2, 5, 43, 39443
What are the prime factors of 627680?
2, 5, 3923
What are the prime factors of 19977456?
2, 3, 43, 9679
List the prime factors of 186287.
107, 1741
What are the prime factors of 692367?
3, 13, 41, 433
List the prime factors of 10994776.
2, 13, 71, 1489
List the prime factors of 1711693.
47, 79, 461
What are the prime factors of 1085618?
2, 79, 6871
What are the prime factors of 282847?
282847
List the prime factors of 299635.
5, 7, 1223
What are the prime factors of 1705291?
7, 243613
List the prime factors of 7765703.
11, 705973
List the prime factors of 12094574.
2, 6047287
What are the prime factors of 1865911?
1865911
What are the prime factors of 1133393?
727, 1559
List the prime factors of 413689.
413689
What are the prime factors of 319203?
3, 29, 1223
List the prime factors of 1634758.
2, 817379
What are the prime factors of 220593?
3, 23, 139
List the prime factors of 661023.
3, 11, 607
What are the prime factors of 503263?
23, 21881
List the prime factors of 103202.
2, 11, 4691
What are the prime factors of 13602651?
3, 19, 167, 1429
What are the prime factors of 391865?
5, 181, 433
List the prime factors of 697658.
2, 13, 26833
List the prime factors of 5392804.
2, 317, 4253
What are the prime factors of 1192588?
2, 397, 751
List the prime factors of 386223.
3, 17, 7573
What are the prime factors of 2480658?
2, 3, 413443
List the prime factors of 2774719.
2774719
What are the prime factors of 7115397?
3, 157, 15107
List the prime factors of 59992.
2, 7499
What are the prime factors of 45526?
2, 13, 17, 103
What are the prime factors of 7528758?
2, 3, 1254793
List the prime factors of 17439126.
2, 3, 2906521
List the prime factors of 13855.
5, 17, 163
List the prime factors of 607663.
7, 47, 1847
List the prime factors of 13794402.
2, 3, 191, 12037
List the prime factors of 10282221.
3, 61, 2081
List the prime factors of 3724856.
2, 353, 1319
What are the prime factors of 2359897?
37, 63781
List the prime factors of 5938291.
